, 31, 83701
List the prime factors of 476616506.
2, 31, 211, 36433
List the prime factors of 635068004.
2, 1559, 101839
What are the prime factors of 406559313?
3, 557, 81101
What are the prime factors of 5610152307?
3, 179, 2659, 3929
What are the prime factors of 7076077751?
7076077751
List the prime factors of 2229006962.
2, 7, 13, 79, 22147
What are the prime factors of 950080349?
1049, 905701
List the prime factors of 410124586.
2, 149, 1376257
List the prime factors of 1250340216.
2, 3, 5227, 9967
What are the prime factors of 236406054?
2, 3, 101, 390109
What are the prime factors of 18571344?
2, 3, 11, 17, 2069
What are the prime factors of 1259975915?
5, 11, 22908653
List the prime factors of 21862758.
2, 3, 41, 88873
List the prime factors of 449323148.
2, 112330787
What are the prime factors of 468609544?
2, 13, 23, 195907
List the prime factors of 2044140809.
17, 120243577
List the prime factors of 6428448538.
2, 34883, 92143
List the prime factors of 49497331.
13, 317, 12011
What are the prime factors of 1838719310?
2, 5, 183871931
List the prime factors of 1503594.
2, 3, 103, 811
What are the prime factors of 36785452?
2, 11, 76003
List the prime factors of 284351002.
2, 13, 43, 107, 2377
What are the prime factors of 87557882?
2, 43778941
What are the prime factors of 1717778916?
2, 3, 7, 227, 30029
List the prime factors of 7709947631.
37, 397, 491, 1069
List the prime factors of 22991515.
5, 4598303
What are the prime factors of 2758857482?
2, 1379428741
List the prime factors of 252610726.
2, 149, 847687
List the prime factors of 2681219232.
2, 3, 344807
What are the prime factors of 161580867?
3, 7, 7694327
What are the prime factors of 49935649?
71, 337, 2087
List the prime factors of 259075165.
5, 19, 2727107
List the prime factors of 63306346.
2, 31653173
What are the prime factors of 329565188?
2, 61, 1350677
List the prime factors of 1434315548.
2, 19, 18872573
What are the prime factors of 11513616?
2, 3, 23, 10429
What are the prime factors of 5457957587?
1873, 2914019
What are the prime factors of 1443188167?
31, 46554457
What are the prime factors of 26872606?
2, 13436303
What are the prime factors of 13886456?
2, 1735807
List the prime factors of 317911229.
683, 465463
What are the prime factors of 1556727299?
1556727299
What are the prime factors of 210369787?
2281, 92227
List the prime factors of 243904777.
37, 41, 160781
List the prime factors of 332401212.
2, 3, 11, 13, 21523
What are the prime factors of 263009460?
2, 3, 5, 7, 89459
What are the prime factors of 2429862614?
2, 19, 29, 139, 547
What are the prime factors of 29008617?
3, 11, 43, 20443
List the prime factors of 1337807418.
2, 3, 17, 31, 59, 71, 101
List the prime factors of 586321152.
2, 3, 19, 23, 1747
What are the prime factors of 80086895?
5, 7, 59, 38783
What are the prime factors of 108184257?
3, 12020473
What are the prime factors of 767017416?
2, 3, 11, 61, 47629
List the prime factors of 16308918.
2, 3, 79, 3823
List the prime factors of 128731752.
2, 3, 17, 105173
What are the prime factors of 950212653?
3, 13, 3671, 6637
What are the prime factors of 54215259?
3, 7, 173, 14923
What are the prime factors of 446864681?
16661, 26821
What are the prime factors of 3819677567?
1013, 3770659
What are the prime factors of 11629215?
3, 5, 13, 103, 193
What are the prime factors of 457603505?
5, 19, 1033, 4663
What are the prime factors of 259316641?
1523, 170267
List the prime factors of 154567262.
2, 977, 79103
List the prime factors of 65493310.
2, 5, 29, 225839
What are the prime factors of 129661032?
2, 3, 5402543
List the prime factors of 58172084.
2, 1583, 9187
List the prime factors of 164143584.
2, 3, 11, 19, 101
List the prime factors of 579057784.
2, 72382223
What are the prime factors of 73581439?
23, 29, 107, 1031
What are the prime factors of 3783630988?
2, 239, 3957773
What are the prime factors of 41339989?
37, 79, 14143
List the prime factors of 5690574113.
7, 812939159
List the prime factors of 209710688.
2, 11, 23, 25903
What are the prime factors of 7996696?
2, 79, 12653
List the prime factors of 287714720.
2, 5, 19, 31, 43, 71
List the prime factors of 2167877822.
2, 11, 98539901
List the prime factors of 177934052.
2, 2213, 20101
List the prime factors of 2633872530.
2, 3, 5, 19, 31, 149059
What are the prime factors of 989568123?
3, 23, 521, 27527
List the prime factors of 3239825937.
3, 67, 16118537
What are the prime factors of 2227848277?
1499, 1486223
List the prime factors of 571250677.
17, 33602981
List the prime factors of 2125538900.
2, 5, 17, 61, 103, 199
List the prime factors of 68521903.
68521903
What are the prime factors of 1055047760?
2, 5, 13, 1014469
List the prime factors of 24810697.
1601, 15497
List the prime factors of 57502311.
3, 19167437
List the prime factors of 152944792.
2, 7, 11, 13, 71, 269
What are the prime factors of 130152873?
3, 43, 1008937
List the prime factors of 1005128270.
2, 5, 173, 283, 2053
List the prime factors of 20128346.
2, 7, 1437739
What are the prime factors of 4116073403?
13, 4903, 64577
What are the prime factors of 355619479?
179, 271, 7331
What are the prime factors of 237652656?
2, 3, 17, 227, 1283
What are the prime factors of 176194460?
2, 5, 13, 17, 39863
List the prime factors of 151844716.
2, 37961179
List the prime factors of 98846360.
2, 5, 19, 83, 1567
List the prime factors of 3785714576.
2, 7, 263, 128521
What are the prime factors of 172518642?
2, 3, 37, 7001
What are the prime factors of 594295279?
11789, 50411
List the prime factors of 5644229083.
5644229083
What are the prime factors of 193996132?
2, 11, 4409003
What are the prime factors of 1450343682?
2, 3, 19, 163, 26017
List the prime factors of 449144460.
2, 3, 5, 23, 29, 43
What are the prime factors of 70903127?
70903127
What are the prime factors of 513292762?
2, 67, 3830543
List the prime factors of 259969968.
2, 3, 31, 58237
What are the prime factors of 18892900?
2, 5, 13, 14533
What are the prime factors of 1615026242?
2, 807513121
List the prime factors of 646047679.
646047679
List the prime factors of 1595989549.
7, 11, 20727137
What are the prime factors of 1779729692?
2, 13, 797, 42943
List the prime factors of 42969571.
163, 239, 1103
What are the prime factors of 4490665750?
2, 5, 17962663
What are the prime factors of 490627962?
2, 3, 11, 137, 6029
List the prime factors of 1179023263.
11, 23, 97, 107, 449
What are the prime factors of 4005412160?
2, 5, 17, 43, 17123
List the prime factors of 2297342437.
13, 1123, 157363
List the prime factors of 210729313.
829, 254197
List the prime factors of 971834409.
3, 7, 13, 395537
List the prime factors of 106198756.
2, 47, 113, 4999
List the prime factors of 1494447984.
2, 3, 10378111
What are the prime factors of 26291355?
3, 5, 1752757
What are the prime factors of 2388788692?
2, 9851, 60623
List the prime factors of 11683286.
2, 593, 9851
What are the prime factors of 5330635826?
2, 389, 6851717
What are the prime factors of 13894993?
7, 109, 18211
List the prime factors of 130636428.
2, 3, 13, 837413
What are the prime factors of 2257528?
2, 7, 13, 443
List the prime factors of 6675312072.
2, 3, 11, 13, 17, 677
List the prime factors of 673035178.
2, 336517589
List the prime factors of 668914351.
7, 17, 2273, 2473
List the prime factors of 251515357.
17, 139, 163, 653
List the prime factors of 5411217758.
2, 8861, 305339
List the prime factors of 1997852445.
3, 5, 211, 7793
List the prime factors of 559615536.
2, 3, 197, 19727
What are the prime factors of 864654633?
3, 29, 3312853
What are the prime factors of 2650618406?
2, 1325309203
List the prime factors of 2743755839.
11, 241, 1034989
List the prime factors of 189367419.
3, 29, 2176637
What are the prime factors of 1341448919?
1341448919
What are the prime factors of 37338881?
37338881
List the prime factors of 922375598.
2, 163, 2829373
What are the prime factors of 105349224?
2, 3, 19, 103, 2243
What are the prime factors of 313580985?
3, 5, 673, 31063
What are the prime factors of 421083015?
3, 5, 28072201
What are the prime factors of 113154781?
29, 79, 49391
What are the prime factors of 654207976?
2, 81775997
List the prime factors of 1211565954.
2, 3, 201927659
What are the